{"id":3911,"date":"2023-10-19T17:27:56","date_gmt":"2023-10-19T20:27:56","guid":{"rendered":"https:\/\/www.ircadamericalatina.com.br\/barretos\/cursos\/curso-de-diseccion-endoscopica-del-oido\/"},"modified":"2026-04-17T22:03:34","modified_gmt":"2026-04-18T01:03:34","slug":"curso-de-diseccion-endoscopica-del-oido-2","status":"publish","type":"cursos","link":"https:\/\/www.ircadamericalatina.com.br\/barretos\/cursos\/curso-de-diseccion-endoscopica-del-oido-2\/?lang=es","title":{"rendered":"Curso de Disecci\u00f3n Endosc\u00f3pica del O\u00eddo"},"content":{"rendered":"<p><span style=\"font-size: 24px;font-weight: 700\">9\u00aa EDICI\u00d3N<\/span><\/p>\n<p>En el curso, los alumnos aprender\u00e1n, en la teor\u00eda y la pr\u00e1ctica, procedimientos con c\u00e1maras y sistemas de videos, permitiendo la redefinici\u00f3n de estructuras anat\u00f3micas y mejor comprensi\u00f3n de los procesos fisiopatol\u00f3gicos de las enfermedades del o\u00eddo. Se abordan en el curso temas como historia de la cirug\u00eda otol\u00f3gica, anatom\u00eda, inserci\u00f3n del tubo de ventilaci\u00f3n, implantes y otros.<\/p>\n","protected":false},"featured_media":3912,"template":"","especialidades":[202],"class_list":["post-3911","cursos","type-cursos","status-publish","has-post-thumbnail","hentry","especialidades-otorrinolaringologia-es"],"acf":[],"yoast_head":"<!-- This site is optimized with the Yoast SEO plugin v21.5 - https:\/\/yoast.com\/wordpress\/plugins\/seo\/ -->\n<title>Curso de Disecci\u00f3n Endosc\u00f3pica del O\u00eddo - IRCAD Am\u00e9rica Latina - Unidade Barretos<\/title>\n<meta name=\"robots\" content=\"index, follow, max-snippet:-1, max-image-preview:large, max-video-preview:-1\" \/>\n<link rel=\"canonical\" href=\"https:\/\/www.ircadamericalatina.com.br\/barretos\/cursos\/curso-de-disseccao-endoscopica-do-ouvido-2\/\" \/>\n<meta property=\"og:locale\" content=\"pt_BR\" \/>\n<meta property=\"og:type\" content=\"article\" \/>\n<meta property=\"og:title\" content=\"Curso de Disecci\u00f3n Endosc\u00f3pica del O\u00eddo - IRCAD Am\u00e9rica Latina - Unidade Barretos\" \/>\n<meta property=\"og:description\" content=\"9\u00aa EDICI\u00d3N En el curso, los alumnos aprender\u00e1n, en la teor\u00eda y la pr\u00e1ctica, procedimientos con c\u00e1maras y sistemas de videos, permitiendo la redefinici\u00f3n de estructuras anat\u00f3micas y mejor comprensi\u00f3n de los procesos fisiopatol\u00f3gicos de las enfermedades del o\u00eddo. Se abordan en el curso temas como historia de la cirug\u00eda otol\u00f3gica, anatom\u00eda, inserci\u00f3n del tubo&hellip;\" \/>\n<meta property=\"og:url\" content=\"https:\/\/www.ircadamericalatina.com.br\/barretos\/cursos\/curso-de-disseccao-endoscopica-do-ouvido-2\/\" \/>\n<meta property=\"og:site_name\" content=\"IRCAD Am\u00e9rica Latina - Unidade Barretos\" \/>\n<meta property=\"article:modified_time\" content=\"2026-04-18T01:03:34+00:00\" \/>\n<meta property=\"og:image\" content=\"https:\/\/www.ircadamericalatina.com.br\/barretos\/wp-content\/uploads\/2023\/10\/33f4999d88275563a99d7180c377b97f.jpg\" \/>\n\t<meta property=\"og:image:width\" content=\"336\" \/>\n\t<meta property=\"og:image:height\" content=\"336\" \/>\n\t<meta property=\"og:image:type\" content=\"image\/jpeg\" \/>\n<meta name=\"twitter:card\" content=\"summary_large_image\" \/>\n<script type=\"application\/ld+json\" class=\"yoast-schema-graph\">{\"@context\":\"https:\/\/schema.org\",\"@graph\":[{\"@type\":\"WebPage\",\"@id\":\"https:\/\/www.ircadamericalatina.com.br\/barretos\/cursos\/curso-de-disseccao-endoscopica-do-ouvido-2\/\",\"url\":\"https:\/\/www.ircadamericalatina.com.br\/barretos\/cursos\/curso-de-disseccao-endoscopica-do-ouvido-2\/\",\"name\":\"Curso de Disecci\u00f3n Endosc\u00f3pica del O\u00eddo - IRCAD Am\u00e9rica Latina - Unidade Barretos\",\"isPartOf\":{\"@id\":\"https:\/\/www.ircadamericalatina.com.br\/barretos\/?lang=es\/#website\"},\"datePublished\":\"2023-10-19T20:27:56+00:00\",\"dateModified\":\"2026-04-18T01:03:34+00:00\",\"breadcrumb\":{\"@id\":\"https:\/\/www.ircadamericalatina.com.br\/barretos\/cursos\/curso-de-disseccao-endoscopica-do-ouvido-2\/#breadcrumb\"},\"inLanguage\":\"pt-BR\",\"potentialAction\":[{\"@type\":\"ReadAction\",\"target\":[\"https:\/\/www.ircadamericalatina.com.br\/barretos\/cursos\/curso-de-disseccao-endoscopica-do-ouvido-2\/\"]}]},{\"@type\":\"BreadcrumbList\",\"@id\":\"https:\/\/www.ircadamericalatina.com.br\/barretos\/cursos\/curso-de-disseccao-endoscopica-do-ouvido-2\/#breadcrumb\",\"itemListElement\":[{\"@type\":\"ListItem\",\"position\":1,\"name\":\"In\u00edcio\",\"item\":\"https:\/\/www.ircadamericalatina.com.br\/barretos\/\"},{\"@type\":\"ListItem\",\"position\":2,\"name\":\"Cursos\",\"item\":\"https:\/\/www.ircadamericalatina.com.br\/barretos\/cursos\/?lang=es\"},{\"@type\":\"ListItem\",\"position\":3,\"name\":\"Curso de Disecci\u00f3n Endosc\u00f3pica del O\u00eddo\"}]},{\"@type\":\"WebSite\",\"@id\":\"https:\/\/www.ircadamericalatina.com.br\/barretos\/?lang=es\/#website\",\"url\":\"https:\/\/www.ircadamericalatina.com.br\/barretos\/?lang=es\/\",\"name\":\"IRCAD Am\u00e9rica Latina - Unidade Barretos\",\"description\":\"\",\"publisher\":{\"@id\":\"https:\/\/www.ircadamericalatina.com.br\/barretos\/?lang=es\/#organization\"},\"potentialAction\":[{\"@type\":\"SearchAction\",\"target\":{\"@type\":\"EntryPoint\",\"urlTemplate\":\"https:\/\/www.ircadamericalatina.com.br\/barretos\/?lang=es\/?s={search_term_string}\"},\"query-input\":\"required name=search_term_string\"}],\"inLanguage\":\"pt-BR\"},{\"@type\":\"Organization\",\"@id\":\"https:\/\/www.ircadamericalatina.com.br\/barretos\/?lang=es\/#organization\",\"name\":\"IRCAD Am\u00e9rica Latina - Unidade Barretos\",\"url\":\"https:\/\/www.ircadamericalatina.com.br\/barretos\/?lang=es\/\",\"logo\":{\"@type\":\"ImageObject\",\"inLanguage\":\"pt-BR\",\"@id\":\"https:\/\/www.ircadamericalatina.com.br\/barretos\/?lang=es\/#\/schema\/logo\/image\/\",\"url\":\"https:\/\/www.ircadamericalatina.com.br\/barretos\/wp-content\/uploads\/2022\/04\/image-4.png\",\"contentUrl\":\"https:\/\/www.ircadamericalatina.com.br\/barretos\/wp-content\/uploads\/2022\/04\/image-4.png\",\"width\":1280,\"height\":567,\"caption\":\"IRCAD Am\u00e9rica Latina - Unidade Barretos\"},\"image\":{\"@id\":\"https:\/\/www.ircadamericalatina.com.br\/barretos\/?lang=es\/#\/schema\/logo\/image\/\"}}]}<\/script>\n<!-- \/ Yoast SEO plugin. -->","yoast_head_json":{"title":"Curso de Disecci\u00f3n Endosc\u00f3pica del O\u00eddo - IRCAD Am\u00e9rica Latina - Unidade Barretos","robots":{"index":"index","follow":"follow","max-snippet":"max-snippet:-1","max-image-preview":"max-image-preview:large","max-video-preview":"max-video-preview:-1"},"canonical":"https:\/\/www.ircadamericalatina.com.br\/barretos\/cursos\/curso-de-disseccao-endoscopica-do-ouvido-2\/","og_locale":"pt_BR","og_type":"article","og_title":"Curso de Disecci\u00f3n Endosc\u00f3pica del O\u00eddo - IRCAD Am\u00e9rica Latina - Unidade Barretos","og_description":"9\u00aa EDICI\u00d3N En el curso, los alumnos aprender\u00e1n, en la teor\u00eda y la pr\u00e1ctica, procedimientos con c\u00e1maras y sistemas de videos, permitiendo la redefinici\u00f3n de estructuras anat\u00f3micas y mejor comprensi\u00f3n de los procesos fisiopatol\u00f3gicos de las enfermedades del o\u00eddo. Se abordan en el curso temas como historia de la cirug\u00eda otol\u00f3gica, anatom\u00eda, inserci\u00f3n del tubo&hellip;","og_url":"https:\/\/www.ircadamericalatina.com.br\/barretos\/cursos\/curso-de-disseccao-endoscopica-do-ouvido-2\/","og_site_name":"IRCAD Am\u00e9rica Latina - Unidade Barretos","article_modified_time":"2026-04-18T01:03:34+00:00","og_image":[{"width":336,"height":336,"url":"https:\/\/www.ircadamericalatina.com.br\/barretos\/wp-content\/uploads\/2023\/10\/33f4999d88275563a99d7180c377b97f.jpg","type":"image\/jpeg"}],"twitter_card":"summary_large_image","schema":{"@context":"https:\/\/schema.org","@graph":[{"@type":"WebPage","@id":"https:\/\/www.ircadamericalatina.com.br\/barretos\/cursos\/curso-de-disseccao-endoscopica-do-ouvido-2\/","url":"https:\/\/www.ircadamericalatina.com.br\/barretos\/cursos\/curso-de-disseccao-endoscopica-do-ouvido-2\/","name":"Curso de Disecci\u00f3n Endosc\u00f3pica del O\u00eddo - IRCAD Am\u00e9rica Latina - Unidade Barretos","isPartOf":{"@id":"https:\/\/www.ircadamericalatina.com.br\/barretos\/?lang=es\/#website"},"datePublished":"2023-10-19T20:27:56+00:00","dateModified":"2026-04-18T01:03:34+00:00","breadcrumb":{"@id":"https:\/\/www.ircadamericalatina.com.br\/barretos\/cursos\/curso-de-disseccao-endoscopica-do-ouvido-2\/#breadcrumb"},"inLanguage":"pt-BR","potentialAction":[{"@type":"ReadAction","target":["https:\/\/www.ircadamericalatina.com.br\/barretos\/cursos\/curso-de-disseccao-endoscopica-do-ouvido-2\/"]}]},{"@type":"BreadcrumbList","@id":"https:\/\/www.ircadamericalatina.com.br\/barretos\/cursos\/curso-de-disseccao-endoscopica-do-ouvido-2\/#breadcrumb","itemListElement":[{"@type":"ListItem","position":1,"name":"In\u00edcio","item":"https:\/\/www.ircadamericalatina.com.br\/barretos\/"},{"@type":"ListItem","position":2,"name":"Cursos","item":"https:\/\/www.ircadamericalatina.com.br\/barretos\/cursos\/?lang=es"},{"@type":"ListItem","position":3,"name":"Curso de Disecci\u00f3n Endosc\u00f3pica del O\u00eddo"}]},{"@type":"WebSite","@id":"https:\/\/www.ircadamericalatina.com.br\/barretos\/?lang=es\/#website","url":"https:\/\/www.ircadamericalatina.com.br\/barretos\/?lang=es\/","name":"IRCAD Am\u00e9rica Latina - Unidade Barretos","description":"","publisher":{"@id":"https:\/\/www.ircadamericalatina.com.br\/barretos\/?lang=es\/#organization"},"potentialAction":[{"@type":"SearchAction","target":{"@type":"EntryPoint","urlTemplate":"https:\/\/www.ircadamericalatina.com.br\/barretos\/?lang=es\/?s={search_term_string}"},"query-input":"required name=search_term_string"}],"inLanguage":"pt-BR"},{"@type":"Organization","@id":"https:\/\/www.ircadamericalatina.com.br\/barretos\/?lang=es\/#organization","name":"IRCAD Am\u00e9rica Latina - Unidade Barretos","url":"https:\/\/www.ircadamericalatina.com.br\/barretos\/?lang=es\/","logo":{"@type":"ImageObject","inLanguage":"pt-BR","@id":"https:\/\/www.ircadamericalatina.com.br\/barretos\/?lang=es\/#\/schema\/logo\/image\/","url":"https:\/\/www.ircadamericalatina.com.br\/barretos\/wp-content\/uploads\/2022\/04\/image-4.png","contentUrl":"https:\/\/www.ircadamericalatina.com.br\/barretos\/wp-content\/uploads\/2022\/04\/image-4.png","width":1280,"height":567,"caption":"IRCAD Am\u00e9rica Latina - Unidade Barretos"},"image":{"@id":"https:\/\/www.ircadamericalatina.com.br\/barretos\/?lang=es\/#\/schema\/logo\/image\/"}}]}},"_links":{"self":[{"href":"https:\/\/www.ircadamericalatina.com.br\/barretos\/wp-json\/wp\/v2\/cursos\/3911","targetHints":{"allow":["GET"]}}],"collection":[{"href":"https:\/\/www.ircadamericalatina.com.br\/barretos\/wp-json\/wp\/v2\/cursos"}],"about":[{"href":"https:\/\/www.ircadamericalatina.com.br\/barretos\/wp-json\/wp\/v2\/types\/cursos"}],"wp:featuredmedia":[{"embeddable":true,"href":"https:\/\/www.ircadamericalatina.com.br\/barretos\/wp-json\/wp\/v2\/media\/3912"}],"wp:attachment":[{"href":"https:\/\/www.ircadamericalatina.com.br\/barretos\/wp-json\/wp\/v2\/media?parent=3911"}],"wp:term":[{"taxonomy":"especialidades","embeddable":true,"href":"https:\/\/www.ircadamericalatina.com.br\/barretos\/wp-json\/wp\/v2\/especialidades?post=3911"}],"curies":[{"name":"wp","href":"https:\/\/api.w.org\/{rel}","templated":true}]}}

Curso de Disección Endoscópica del Oído

<p><span style="font-size: 24px;font-weight: 700">9ª EDICIÓN</span></p>
<p>En el curso, los alumnos aprenderán, en la teoría y la práctica, procedimientos con cámaras y sistemas de videos, permitiendo la redefinición de estructuras anatómicas y mejor comprensión de los procesos fisiopatológicos de las enfermedades del oído. Se abordan en el curso temas como historia de la cirugía otológica, anatomía, inserción del tubo de ventilación, implantes y otros.</p>

<!-- This site is optimized with the Yoast SEO plugin v21.5 - https://yoast.com/wordpress/plugins/seo/ -->
<title>Curso de Disección Endoscópica del Oído - IRCAD América Latina - Unidade Barretos</title>
<meta name="robots" content="index, follow, max-snippet:-1, max-image-preview:large, max-video-preview:-1" />
<link rel="canonical" href="https://www.ircadamericalatina.com.br/barretos/cursos/curso-de-disseccao-endoscopica-do-ouvido-2/" />
<meta property="og:locale" content="pt_BR" />
<meta property="og:type" content="article" />
<meta property="og:title" content="Curso de Disección Endoscópica del Oído - IRCAD América Latina - Unidade Barretos" />
<meta property="og:description" content="9ª EDICIÓN En el curso, los alumnos aprenderán, en la teoría y la práctica, procedimientos con cámaras y sistemas de videos, permitiendo la redefinición de estructuras anatómicas y mejor comprensión de los procesos fisiopatológicos de las enfermedades del oído. Se abordan en el curso temas como historia de la cirugía otológica, anatomía, inserción del tubo&hellip;" />
<meta property="og:url" content="https://www.ircadamericalatina.com.br/barretos/cursos/curso-de-disseccao-endoscopica-do-ouvido-2/" />
<meta property="og:site_name" content="IRCAD América Latina - Unidade Barretos" />
<meta property="article:modified_time" content="2026-04-18T01:03:34+00:00" />
<meta property="og:image" content="https://www.ircadamericalatina.com.br/barretos/wp-content/uploads/2023/10/33f4999d88275563a99d7180c377b97f.jpg" />
	<meta property="og:image:width" content="336" />
	<meta property="og:image:height" content="336" />
	<meta property="og:image:type" content="image/jpeg" />
<meta name="twitter:card" content="summary_large_image" />
<script type="application/ld+json" class="yoast-schema-graph">{"@context":"https://schema.org","@graph":[{"@type":"WebPage","@id":"https://www.ircadamericalatina.com.br/barretos/cursos/curso-de-disseccao-endoscopica-do-ouvido-2/","url":"https://www.ircadamericalatina.com.br/barretos/cursos/curso-de-disseccao-endoscopica-do-ouvido-2/","name":"Curso de Disección Endoscópica del Oído - IRCAD América Latina - Unidade Barretos","isPartOf":{"@id":"https://www.ircadamericalatina.com.br/barretos/?lang=es/#website"},"datePublished":"2023-10-19T20:27:56+00:00","dateModified":"2026-04-18T01:03:34+00:00","breadcrumb":{"@id":"https://www.ircadamericalatina.com.br/barretos/cursos/curso-de-disseccao-endoscopica-do-ouvido-2/#breadcrumb"},"inLanguage":"pt-BR","potentialAction":[{"@type":"ReadAction","target":["https://www.ircadamericalatina.com.br/barretos/cursos/curso-de-disseccao-endoscopica-do-ouvido-2/"]}]},{"@type":"BreadcrumbList","@id":"https://www.ircadamericalatina.com.br/barretos/cursos/curso-de-disseccao-endoscopica-do-ouvido-2/#breadcrumb","itemListElement":[{"@type":"ListItem","position":1,"name":"Início","item":"https://www.ircadamericalatina.com.br/barretos/"},{"@type":"ListItem","position":2,"name":"Cursos","item":"https://www.ircadamericalatina.com.br/barretos/cursos/?lang=es"},{"@type":"ListItem","position":3,"name":"Curso de Disección Endoscópica del Oído"}]},{"@type":"WebSite","@id":"https://www.ircadamericalatina.com.br/barretos/?lang=es/#website","url":"https://www.ircadamericalatina.com.br/barretos/?lang=es/","name":"IRCAD América Latina - Unidade Barretos","description":"","publisher":{"@id":"https://www.ircadamericalatina.com.br/barretos/?lang=es/#organization"},"potentialAction":[{"@type":"SearchAction","target":{"@type":"EntryPoint","urlTemplate":"https://www.ircadamericalatina.com.br/barretos/?lang=es/?s={search_term_string}"},"query-input":"required name=search_term_string"}],"inLanguage":"pt-BR"},{"@type":"Organization","@id":"https://www.ircadamericalatina.com.br/barretos/?lang=es/#organization","name":"IRCAD América Latina - Unidade Barretos","url":"https://www.ircadamericalatina.com.br/barretos/?lang=es/","logo":{"@type":"ImageObject","inLanguage":"pt-BR","@id":"https://www.ircadamericalatina.com.br/barretos/?lang=es/#/schema/logo/image/","url":"https://www.ircadamericalatina.com.br/barretos/wp-content/uploads/2022/04/image-4.png","contentUrl":"https://www.ircadamericalatina.com.br/barretos/wp-content/uploads/2022/04/image-4.png","width":1280,"height":567,"caption":"IRCAD América Latina - Unidade Barretos"},"image":{"@id":"https://www.ircadamericalatina.com.br/barretos/?lang=es/#/schema/logo/image/"}}]}</script>
<!-- / Yoast SEO plugin. -->

Curso de Disección Endoscópica del Oído - IRCAD América Latina - Unidade Barretos

9ª EDICIÓN En el curso, los alumnos aprenderán, en la teoría y la práctica, procedimientos con cámaras y sistemas de videos, permitiendo la redefinición de estructuras anatómicas y mejor comprensión de los procesos fisiopatológicos de las enfermedades del oído. Se abordan en el curso temas como historia de la cirugía otológica, anatomía, inserción del tubo&hellip;

IRCAD América Latina - Unidade Barretos

Início
